 common factor of x and c?
13
Let k = 18 - 14. Suppose -65 = k*g - 193. Let i(b) = -7*b - 1. Let l be i(-7). What is the highest common divisor of g and l?
16
Let g be (-3)/(-9)*(-3 + 15). Suppose -4*j + 8 = 0, -26 = -2*y - 5*j - g. Let q = 6 - -3. Calculate the highest common divisor of q and y.
3
Let n be 136/14 + 6/21. Let c be n/((-9)/6 - -2). Suppose 0 = -4*t + 29*b - 26*b + 52, 3*b + 62 = 5*t. What is the greatest common factor of t and c?
10
Suppose -90*u = -5*y - 92*u + 220, 0 = -2*y - 4*u + 88. What is the highest common divisor of 4400 and y?
44
Let y = -78 - -78. Suppose x - 5*x + 64 = y. What is the greatest common divisor of x and 40?
8
Let q = 87 - -17. What is the highest common divisor of q and 8?
8
Let n = 23 + -21. Suppose 0 = -3*j - o + 709, 7*o - n*o = -3*j + 689. Suppose -37 = -5*y + j. What is the highest common divisor of 22 and y?
11
Let r(i) = -i**3 + 4*i**2 - 2*i - 6. Let y be r(4). Suppose -x - 104 = x. Let v = y - x. Calculate the greatest common factor of 57 and v.
19
Suppose 240 = -15*d + 1995. Calculate the greatest common factor of d and 169.
13
Let t(j) = -1889*j + 15. Let u be t(-1). What is the greatest common factor of u and 112?
112
Let d(n) = n**3 - 10*n**2 + 2*n - 14. Let q be d(10). Let p be (-342)/(-54) - 2/q. What is the greatest common divisor of 54 and p?
6
Let w = 922 - 836. What is the highest common factor of w and 3440?
86
Let b(l) = 2*l**3 + 32*l**2 + 30*l + 1. Let u be b(-15). What is the greatest common divisor of 107 and u?
1
Let k = -52 + 95. Let d = 17 + k. What is the highest common factor of 12 and d?
12
Suppose 2 = -5*x + 7. Let z(s) = -s**3 + 32*s**2 - 87*s + 7. Let u be z(29). What is the greatest common divisor of x and u?
1
Let j = 11 + -9. Suppose -p = -j*p, 0 = -5*y + 5*p + 45. Suppose -4*w = y - 37. What is the greatest common factor of w and 14?
7
Let k = 31 - 30. Let m(d) = 140*d + 3. Let i be m(k). What is the highest common divisor of i and 13?
13
Let y(i) = -8*i - i**2 + 10*i**2 - 4*i - 4 + i**3. Let q be (55/(-22))/((-5)/(-20)). Let x be y(q). Calculate the highest common divisor of 64 and x.
16
Let v = -65 - -65. Suppose -3*j + 157 + 125 = -3*k, v = -j - 5*k + 70. Calculate the highest common factor of j and 36.
18
Suppose 3*f + 0*f = 3*g + 549, 3*f = 2*g + 548. Suppose -1 = -3*a - 2*s, 2*a - 1 = 3*a + 2*s. Let m = 25 + a. Calculate the highest common divisor of m and f.
26
Suppose -636 + 209 = -7*o. Let u = 137 - o. What is the highest common factor of 19 and u?
19
Suppose 0 = -4*g + 5*g + 2. Let i be g/5*(5 - -5). Let s be (-30)/i - 4/8. Calculate the greatest common factor of 63 and s.
7
Let t = -7 + 16. Suppose -5*j + 383 = 4*q - 13, -4*q + 396 = -5*j. Calculate the greatest common divisor of t and q.
9
Let x(h) = 7*h**2 - 2*h - 22*h**2 - h**3 - 3*h + 3 + 9*h**2. Let s be x(-5). What is the highest common factor of s and 27?
3
Suppose j - 6*j = -65. Let s be ((-3 - 23)*-2)/1. What is the highest common factor of s and j?
13
Suppose -17*i = -12*i - 35. Let b(t) = t**3 + 8*t**2 - 11*t + 12. Let c be b(-9). Let v = c - 16. What is the greatest common factor of v and i?
7
Let q(h) = 4 - 26 + 8*h - 21*h. Let p be q(-6). What is the highest common divisor of 28 and p?
28
Let o be (-4)/(5 - 1) - -62. Suppose 16 = -5*g + 4*m + o, 0 = -3*g - 3*m + 27. Calculate the greatest common divisor of 27 and g.
9
Let x be (84/8)/((-1)/(-2)). Calculate the greatest common divisor of x and 252.
21
Let w be ((-30)/105)/((-14)/343). Calculate the greatest common divisor of 161 and w.
7
Let o be 1/6 - (-260)/24. Let l be (-11)/(o/(-20)) - 2. What is the greatest common factor of l and 30?
6
Let w be 3/7 - -501*(-9)/(-63). Let q(m) = 5*m - 2. Let o be q(4). Calculate the greatest common divisor of o and w.
18
Suppose 2*m - 67 = -3*n, -m = 3*n - 4*n - 41. Calculate the greatest common factor of 1026 and m.
38
Let r be (-4)/(-6) + (-30)/45. Suppose 2 = 4*g - 7*g + 4*v, r = -2*g - v + 17. What is the highest common divisor of g and 15?
3
Suppose 3*l = -3*j - 6, 2*l - j = -8 - 5. Let x be (-15)/(-2)*4/l. Let f = 8 + x. What is the highest common factor of f and 22?
2
Let z = 30 - 40. Let s(q) = q**3 + 9*q**2 - 12*q + 22. Let l be s(z). Calculate the highest common divisor of 7 and l.
7
Suppose -3*n + g + 56 = -11, -1 = n - 5*g. What is the greatest common factor of 348 and n?
12
Suppose 11*j - 19 = 3. Suppose 5*o = -2*u + 19, 0 = -3*u - j*o - o + 24. Let f = 19 - -44. What is the highest common factor of f and u?
7
Suppose -5*b - 3*d + 228 = 0, 7*b - 6*b = d + 52. What is the highest common divisor of b and 240?
48
Let t = 6110 - 4250. What is the greatest common factor of t and 12?
12
Suppose -4*s = 2*s + 246. Let o = 121 + s. Suppose 5*t = c + 85, -8*t + 2*c = -3*t - 90. Calculate the greatest common factor of t and o.
16
Suppose -20 = -n + 22. Suppose 27*d = 26*d + n. Calculate the highest common divisor of 105 and d.
21
Suppose -173 + 69 = -4*d. Suppose -2*q - 3*q = -560. Suppose -6*x - 34 = -q. Calculate the greatest common divisor of x and d.
13
Let k be ((-33)/(-15) + -1 + -1)*15. Suppose -47 = -6*l + 5*l - 5*n, -2*l = -5*n - 124. What is the greatest common divisor of k and l?
3
Let p be (6/10)/((-20)/((-1600)/24)). What is the highest common factor of p and 10?
2
Suppose 55 = -r + 6*r. Let v(d) = d**2 - 17*d + 27. Let w be v(16). Calculate the highest common factor of r and w.
11
Let o be 4344/30 + 24/20 + -1. Calculate the highest common divisor of 5 and o.
5
Let o = 5 + 4. Suppose 32 - 5 = 3*g. Calculate the greatest common divisor of o and g.
9
Let r be 54/(-81)*(-9)/(-2) + 31. Suppose 5*l = 728 + 252. Calculate the highest common divisor of r and l.
28
Suppose 3 = d - 2. Suppose 138 - 13 = d*s. Let k = s + -11. Calculate the greatest common divisor of k and 112.
14
Suppose 4*b - 15 = -b. Suppose 4 = 102*f - 101*f. Calculate the greatest common factor of f and b.
1
Let k(l) = -l**2 + 22*l + 40. Let v be k(16). What is the highest common divisor of 68 and v?
68
Let m be (0 + (-3 - -3) - 2) + 8. Suppose -376 = -m*u + 254. Calculate the greatest common divisor of u and 70.
35
Let d(z) = -8 + 5*z - 11 + z**2 - z. Let k be d(-8). Calculate the greatest common factor of 13 and k.
13
Let g(h) = -20*h + 11. Let q(a) = -7*a + 4. Let b(f) = 6*g(f) - 17*q(f). Let z be b(-4). Calculate the highest common factor of 22 and z.
2
Let r be -4 + 3 + 7 - (-372 - 0). What is the highest common divisor of 14 and r?
14
Suppose -3*y = -5*u - 900, -y - 180 = u - 2*y. Let l = -42 - -64. Let p be 24/(-132) - u/l. What is the greatest common divisor of p and 2?
2
Let q(f) = f**3 + 16*f**2 + 21. Let b be q(-16). Let h(t) = -9*t**3 - t**2 + 3*t + 1. Let i be h(-2). Calculate the greatest common divisor of i and b.
21
Suppose -2*f = 10, -5*h + 11 + 49 = f. Let v(l) = -2*l + 19. Let x be v(13). Let g = h + x. Calculate the highest common factor of g and 6.
6
Let r = 53 + -40. Let y(h) = h**2 + h + 1. Let d be y(-2). Suppose 2*n = d*n - 52. What is the greatest common divisor of n and r?
13
Suppose 0 = -4*q - o + 673, -2*q - 3*o + 168 = -171. What is the highest common factor of q and 56?
56
Suppose 0*a - 2*a = -54. Suppose 3*i - 48 = -5*s, 0 = -3*s + 4*i + 7 + 16. What is the highest common factor of s and a?
9
Suppose 2*a = 2 - 14. Let v be 1316/8 + a/(-4). Suppose -v = 4*j - 1266. What is the highest common divisor of 25 and j?
25
Let h = 19 + -16. Suppose -g + 61 = 2*s, h*g + 127 = 3*s + s. What is the greatest common divisor of 341 and s?
31
Let r = -4 - -10. Let x be r/(-2 - 112/(-52)). Calculate the greatest common factor of 13 and x.
13
Suppose 6*y - 9*y = 4*d - 42, y + 4*d - 14 = 0. What is the greatest common divisor of y and 728?
14
Suppose 2*n - 252 = -2*n. Suppose 2*a - n = -f - 3*a, 3*f + 4*a = 222. Let j = f - 38. What is the highest common divisor of j and 60?
20
Let t = -120 + 175. Let m = t + -46. What is the highest common factor of 45 and m?
9
Let a be -4 + (-27)/(-18) - (-13965)/6. What is the highest common divisor of 93 and a?
93
Let g = -65 + 145. Let o be (-4)/(3/(-23 - 1)). What is the greatest common divisor of o and g?
16
Suppose 2*c - 5*s = 11, -6*c + 2*c = 5*s - 7. Calculate the highest common divisor of 5 and c.
1
Let a(b) = -b**2 - 4*b + 17. Let r be a(-9). Let s be r/98 + 46/14 - 